er when 11169 is divided by 21?
18
What is the remainder when 472 is divided by 96?
88
Calculate the remainder when 41550 is divided by 19.
16
Calculate the remainder when 207 is divided by 30.
27
Calculate the remainder when 94364 is divided by 135.
134
Calculate the remainder when 4062 is divided by 240.
222
Calculate the remainder when 1176 is divided by 131.
128
Calculate the remainder when 42 is divided by 18.
6
Calculate the remainder when 139 is divided by 24.
19
What is the remainder when 86 is divided by 24?
14
Calculate the remainder when 12831 is divided by 151.
147
Calculate the remainder when 1557 is divided by 26.
23
Calculate the remainder when 1046 is divided by 129.
14
What is the remainder when 160 is divided by 42?
34
What is the remainder when 153 is divided by 48?
9
What is the remainder when 135 is divided by 29?
19
What is the remainder when 5578 is divided by 30?
28
What is the remainder when 518 is divided by 8?
6
Calculate the remainder when 408 is divided by 23.
17
Calculate the remainder when 56411 is divided by 134.
131
Calculate the remainder when 212 is divided by 142.
70
Calculate the remainder when 271 is divided by 25.
21
What is the remainder when 819 is divided by 81?
9
Calculate the remainder when 1622 is divided by 37.
31
What is the remainder when 31 is divided by 19?
12
Calculate the remainder when 30 is divided by 29.
1
What is the remainder when 431 is divided by 215?
1
What is the remainder when 282 is divided by 131?
20
What is the remainder when 331 is divided by 55?
1
What is the remainder when 49 is divided by 36?
13
Calculate the remainder when 452 is divided by 110.
12
What is the remainder when 252 is divided by 225?
27
Calculate the remainder when 619 is divided by 386.
233
Calculate the remainder when 1948 is divided by 30.
28
Calculate the remainder when 119 is divided by 32.
23
What is the remainder when 6629 is divided by 85?
84
Calculate the remainder when 359 is divided by 72.
71
What is the remainder when 53 is divided by 29?
24
What is the remainder when 68 is divided by 42?
26
Calculate the remainder when 396 is divided by 125.
21
What is the remainder when 115 is divided by 17?
13
Calculate the remainder when 873 is divided by 151.
118
What is the remainder when 215 is divided by 46?
31
What is the remainder when 452 is divided by 91?
88
What is the remainder when 77 is divided by 10?
7
What is the remainder when 175 is divided by 89?
86
What is the remainder when 1043 is divided by 11?
9
What is the remainder when 1750 is divided by 244?
42
What is the remainder when 254 is divided by 32?
30
Calculate the remainder when 276 is divided by 98.
80
What is the remainder when 26 is divided by 5?
1
What is the remainder when 2299 is divided by 458?
9
What is the remainder when 78 is divided by 64?
14
What is the remainder when 100 is divided by 36?
28
Calculate the remainder when 9150 is divided by 58.
44
What is the remainder when 501 is divided by 126?
123
What is the remainder when 308 is divided by 63?
56
What is the remainder when 1530 is divided by 70?
60
Calculate the remainder when 130 is divided by 22.
20
What is the remainder when 445 is divided by 146?
7
What is the remainder when 233 is divided by 146?
87
Calculate the remainder when 459 is divided by 33.
30
Calculate the remainder when 2372 is divided by 66.
62
What is the remainder when 318 is divided by 32?
30
What is the remainder when 3334 is divided by 27?
13
What is the remainder when 2687 is divided by 192?
191
Calculate the remainder when 49042 is divided by 12.
10
Calculate the remainder when 247 is divided by 83.
81
What is the remainder when 17 is divided by 8?
1
What is the remainder when 838 is divided by 7?
5
What is the remainder when 5697 is divided by 19?
16
Calculate the remainder when 832 is divided by 22.
18
What is the remainder when 303 is divided by 3?
0
Calculate the remainder when 468 is divided by 94.
92
Calculate the remainder when 50442 is divided by 171.
168
Calculate the remainder when 615 is divided by 11.
10
What is the remainder when 2086 is divided by 131?
121
What is the remainder when 23708 is divided by 104?
100
Calculate the remainder when 309 is divided by 109.
91
What is the remainder when 260 is divided by 5?
0
Calculate the remainder when 3746 is divided by 30.
26
Calculate the remainder when 355 is divided by 182.
173
What is the remainder when 248 is divided by 60?
8
What is the remainder when 78 is divided by 14?
8
Calculate the remainder when 248 is divided by 136.
112
What is the remainder when 246 is divided by 13?
12
Calculate the remainder when 81 is divided by 34.
13
What is the remainder when 164 is divided by 25?
14
What is the remainder when 160 is divided by 19?
8
What is the remainder when 390 is divided by 19?
10
What is the remainder when 168 is divided by 17?
15
What is the remainder when 3175 is divided by 90?
25
What is the remainder when 75 is divided by 16?
11
Calculate the remainder when 83 is divided by 11.
6
What is the remainder when 712 is divided by 102?
100
Calculate the remainder when 6099 is divided by 61.
60
Calculate the remainder when 9731 is divided by 84.
71
What is the remainder when 111 is divided by 81?
30
Calculate the remainder when 77 is divided by 43.
34
Calculate the remainder when 51 is divided by 11.
7
What is the remainder when 592 is divided by 35?
32
What is the remainder when 413 is divided by 219?
194
Calculate the remainder when 530 is divided by 162.
44
What is the remainder when 699 is divided by 18?
15
Calculate the remainder when 553 is divided by 40.
33
Calculate the remainder when 1871 is divided by 48.
47
What is the remainder when 284 is divided by 95?
94
Calculate the remainder when 236 is divided by 42.
26
What is the remainder when 708 is divided by 344?
20
What is the remainder when 10 is divided by 9?
1
What is the remainder when 19 is divided by 8?
3
What is the remainder when 192 is divided by 192?
0
What is the remainder when 198 is divided by 24?
6
What is the remainder when 482 is divided by 12?
2
What is the remainder when 261 is divided by 88?
85
What is the remainder when 152 is divided by 47?
11
What is the remainder when 8872 is divided by 87?
85
Calculate the remainder when 1233 is divided by 65.
63
What is the remainder when 101 is divided by 2?
1
What is the remainder when 1133 is divided by 71?
68
What is the remainder when 92 is divided by 27?
11
What is the remainder when 540 is divided by 32?
28
What is the remainder when 196 is divided by 116?
80
Calculate the remainder when 20 is divided by 7.
6
Calculate the remainder when 44 is divided by 41.
3
Calculate the remainder when 1799 is divided by 53.
50
Calculate the remainder when 273 is divided by 53.
8
Calculate the remainder when 845 is divided by 108.
89
What is the remainder when 119 is divided by 60?
59
Calculate the remainder when 363 is divided by 75.
63
What is the remainder when 289 is divided by 14?
9
What is the remainder when 129 is divided by 29?
13
Calculate the remainder when 195 is divided by 28.
27
What is the remainder when 3427 is divided by 70?
67
Calculate the remainder when 4716 is divided by 33.
30
Calculate the remainder when 3071 is divided by 32.
31
Calculate the remainder when 21670 is divided by 301.
299
What is the remainder when 10801 is divided by 42?
7
What is the remainder when 351 is divided by 115?
6
What is the remainder when 3900 is divided by 780?
0
What is the remainder when 2433 is divided by 61?
54
What is the remainder when 190 is divided by 43?
18
Calculate the remainder when 357 is divided by 45.
42
What is the remainder when 1582 is divided by 100?
82
Calculate the remainder when 5627 is divided by 84.
83
Calculate the remainder when 490 is divided by 26.
22
Calculate the remainder when 88 is divided by 6.
4
Calculate the remainder when 37 is divided by 2.
1
What is the remainder when 224 is divided by 186?
38
What is the remainder when 1188 is divided by 92?
84
What is the remainder when 3778 is divided by 126?
124
What is the remainder when 256 is divided by 184?
72
Calculate the remainder when 10248 is divided by 201.
198
Calculate the remainder when 91 is divided by 24.
19
What is the remainder when 9